{"id":827,"date":"2019-03-11T16:38:33","date_gmt":"2019-03-11T15:38:33","guid":{"rendered":"http:\/\/www.chaoswg.eu\/?page_id=827"},"modified":"2023-06-03T17:31:46","modified_gmt":"2023-06-03T16:31:46","slug":"bulli-reisen","status":"publish","type":"page","link":"https:\/\/www.chaoswg.eu\/?page_id=827","title":{"rendered":"\u00dcber uns"},"content":{"rendered":"\n<p>Hallo,<br>ich freue mich, dass du unsere Seite besuchst. Ich bin Maike, komme aus Schleswig-Holstein, bin 1995 geboren und sagen wir mal&#8230;etwas Hundsverr\u00fcckt \ud83d\ude42<\/p>\n\n\n\n<figure class=\"wp-block-gallery has-nested-images columns-default is-cropped wp-block-gallery-1 is-layout-flex wp-block-gallery-is-layout-flex\">\n<figure class=\"wp-block-image size-large\"><img loading=\"lazy\" decoding=\"async\" width=\"769\" height=\"1024\" data-id=\"838\" src=\"https:\/\/www.chaoswg.eu\/wp-content\/uploads\/2023\/06\/IMG_3802-769x1024.jpg\" alt=\"\" class=\"wp-image-838\" srcset=\"https:\/\/www.chaoswg.eu\/wp-content\/uploads\/2023\/06\/IMG_3802-769x1024.jpg 769w, https:\/\/www.chaoswg.eu\/wp-content\/uploads\/2023\/06\/IMG_3802-225x300.jpg 225w, https:\/\/www.chaoswg.eu\/wp-content\/uploads\/2023\/06\/IMG_3802-768x1022.jpg 768w, https:\/\/www.chaoswg.eu\/wp-content\/uploads\/2023\/06\/IMG_3802-1154x1536.jpg 1154w, https:\/\/www.chaoswg.eu\/wp-content\/uploads\/2023\/06\/IMG_3802-1539x2048.jpg 1539w, https:\/\/www.chaoswg.eu\/wp-content\/uploads\/2023\/06\/IMG_3802-624x831.jpg 624w, https:\/\/www.chaoswg.eu\/wp-content\/uploads\/2023\/06\/IMG_3802-scaled.jpg 1923w\" sizes=\"auto, (max-width: 769px) 100vw, 769px\" \/><\/figure>\n<\/figure>\n\n\n\n<p>Mein Freund und ich sind 2014 zusammen gekommen, schnell war klar, ein Hund muss her. Und so sind wir 6 Monate sp\u00e4ter zusammen gezogen und haben im Dez. 2014 unsere Spanische Wasserh\u00fcndin Grace(geb. 2014) lieben gelernt. \ud83d\ude42 Sie war ein richtiger Angsthund, aber wir haben es durchgezogen und sind nicht entt\u00e4uscht worden. Sie ist mittlerweile ein richtiger Lotto 6er \ud83d\ude42<\/p>\n\n\n\n<figure class=\"wp-block-gallery has-nested-images columns-default is-cropped wp-block-gallery-2 is-layout-flex wp-block-gallery-is-layout-flex\">\n<figure class=\"wp-block-image size-large\"><img loading=\"lazy\" decoding=\"async\" width=\"1024\" height=\"683\" data-id=\"839\" src=\"https:\/\/www.chaoswg.eu\/wp-content\/uploads\/2023\/06\/IMG_4714-1024x683.jpg\" alt=\"\" class=\"wp-image-839\" srcset=\"https:\/\/www.chaoswg.eu\/wp-content\/uploads\/2023\/06\/IMG_4714-1024x683.jpg 1024w, https:\/\/www.chaoswg.eu\/wp-content\/uploads\/2023\/06\/IMG_4714-300x200.jpg 300w, https:\/\/www.chaoswg.eu\/wp-content\/uploads\/2023\/06\/IMG_4714-768x512.jpg 768w, https:\/\/www.chaoswg.eu\/wp-content\/uploads\/2023\/06\/IMG_4714-1536x1024.jpg 1536w, https:\/\/www.chaoswg.eu\/wp-content\/uploads\/2023\/06\/IMG_4714-2048x1365.jpg 2048w, https:\/\/www.chaoswg.eu\/wp-content\/uploads\/2023\/06\/IMG_4714-624x416.jpg 624w\" sizes=\"auto, (max-width: 1024px) 100vw, 1024px\" \/><\/figure>\n<\/figure>\n\n\n\n<p>2015 haben wir uns entschieden, uns ein Haus zu kaufen und umzuziehen und genau ein Jahr sp\u00e4ter kam dann auch, im Dez. 2015 unser Choco(geb.2014), auch ein Spanischer Wasserhund. Ein R\u00fcpel und raudi, oft bin ich sehr verzweifelt, aber ich wollte nie aufgeben. Nun bellt er noch andere Hunde an, aber auch das wird langsam. Er ist wie er ist \ud83d\ude42<\/p>\n\n\n\n<figure class=\"wp-block-gallery has-nested-images columns-default is-cropped wp-block-gallery-3 is-layout-flex wp-block-gallery-is-layout-flex\">\n<figure class=\"wp-block-image size-large\"><img loading=\"lazy\" decoding=\"async\" width=\"768\" height=\"1024\" data-id=\"840\" src=\"https:\/\/www.chaoswg.eu\/wp-content\/uploads\/2023\/06\/IMG_2700-768x1024.jpg\" alt=\"\" class=\"wp-image-840\" srcset=\"https:\/\/www.chaoswg.eu\/wp-content\/uploads\/2023\/06\/IMG_2700-768x1024.jpg 768w, https:\/\/www.chaoswg.eu\/wp-content\/uploads\/2023\/06\/IMG_2700-225x300.jpg 225w, https:\/\/www.chaoswg.eu\/wp-content\/uploads\/2023\/06\/IMG_2700-1152x1536.jpg 1152w, https:\/\/www.chaoswg.eu\/wp-content\/uploads\/2023\/06\/IMG_2700-1536x2048.jpg 1536w, https:\/\/www.chaoswg.eu\/wp-content\/uploads\/2023\/06\/IMG_2700-624x832.jpg 624w, https:\/\/www.chaoswg.eu\/wp-content\/uploads\/2023\/06\/IMG_2700-scaled.jpg 1920w\" sizes=\"auto, (max-width: 768px) 100vw, 768px\" \/><\/figure>\n<\/figure>\n\n\n\n<p>Wir lernten immer neue Hundemenschen kennen und eine war Pflegestelle bei &#8222;FritzDogs&#8220;&#8230; ich fand es interessant. Sie kam dann eines Abends im August 2017 und erz\u00e4hlte ein wenig dar\u00fcber und wir entschieden uns, es auch mal zu machen. <\/p>\n\n\n\n<p>Im September 2017 kam dann Edna, ein Sch\u00e4ferhundmix. Eine Woche sp\u00e4ter sogar noch ein Labbi, die einfach stehen gelassen wurde&#8230; Die Monate vergingen immer kamen und gingen 1,2,3,&#8230;Hunde im Monat. <\/p>\n\n\n\n<p>2018 kam dann Happy(geb. 2014), Podenco-Malimix genauso ein R\u00fcpel und Wanderpokal wie Choco(Choco war nur kein Wanderpokal ;-)). Wir entschieden uns sie zu behalten, da sie so oft umziehen musste, sie gut bei uns rein passte, wir sie liebten und naja&#8230;sie eh niemanden fand \ud83d\ude1b<\/p>\n\n\n\n<figure class=\"wp-block-gallery has-nested-images columns-default is-cropped wp-block-gallery-4 is-layout-flex wp-block-gallery-is-layout-flex\">\n<figure class=\"wp-block-image size-large\"><img loading=\"lazy\" decoding=\"async\" width=\"768\" height=\"1024\" data-id=\"841\" src=\"https:\/\/www.chaoswg.eu\/wp-content\/uploads\/2023\/06\/IMG_2699-768x1024.jpg\" alt=\"\" class=\"wp-image-841\" srcset=\"https:\/\/www.chaoswg.eu\/wp-content\/uploads\/2023\/06\/IMG_2699-768x1024.jpg 768w, https:\/\/www.chaoswg.eu\/wp-content\/uploads\/2023\/06\/IMG_2699-225x300.jpg 225w, https:\/\/www.chaoswg.eu\/wp-content\/uploads\/2023\/06\/IMG_2699-1152x1536.jpg 1152w, https:\/\/www.chaoswg.eu\/wp-content\/uploads\/2023\/06\/IMG_2699-1536x2048.jpg 1536w, https:\/\/www.chaoswg.eu\/wp-content\/uploads\/2023\/06\/IMG_2699-624x832.jpg 624w, https:\/\/www.chaoswg.eu\/wp-content\/uploads\/2023\/06\/IMG_2699-scaled.jpg 1920w\" sizes=\"auto, (max-width: 768px) 100vw, 768px\" \/><\/figure>\n<\/figure>\n\n\n\n<p>2019 machten wir Urlaub in Spanien und lernten alle von den FritzDogs kennen. Und manchmal geht man nicht, ohne Ideen&#8230;<\/p>\n\n\n\n<p>2019 beantragte ich dann alle Genehmigungen um mehr Hunde von Fritzdogs halten zu d\u00fcrfen, um mehr Hunden eine Chance zu geben. Ich bestand alle Pr\u00fcfungen und wir bauten ein Hundehaus, was im September 2019 eingeweiht wurde \ud83d\ude42<\/p>\n\n\n\n<p>2021 machten wir unseren 2. Urlaub in Spanien und nat\u00fcrlich besuchten wir auch die FritzDogs. Beim ersten mal kamen wir mit der Idee des Hundehauses wieder, beim 2. mal&#8230; naja&#8230; hatte es bei mir Klick gemacht und wir wollten das Auswandern jetzt schon in Angriff nehmen. Wer wei\u00df, ob man die Rente erreicht?<\/p>\n\n\n\n<figure class=\"wp-block-gallery has-nested-images columns-default is-cropped wp-block-gallery-5 is-layout-flex wp-block-gallery-is-layout-flex\">\n<figure class=\"wp-block-image size-large\"><img loading=\"lazy\" decoding=\"async\" width=\"768\" height=\"1024\" data-id=\"844\" src=\"https:\/\/www.chaoswg.eu\/wp-content\/uploads\/2023\/06\/IMG_3173-768x1024.jpg\" alt=\"\" class=\"wp-image-844\" srcset=\"https:\/\/www.chaoswg.eu\/wp-content\/uploads\/2023\/06\/IMG_3173-768x1024.jpg 768w, https:\/\/www.chaoswg.eu\/wp-content\/uploads\/2023\/06\/IMG_3173-225x300.jpg 225w, https:\/\/www.chaoswg.eu\/wp-content\/uploads\/2023\/06\/IMG_3173-1152x1536.jpg 1152w, https:\/\/www.chaoswg.eu\/wp-content\/uploads\/2023\/06\/IMG_3173-1536x2048.jpg 1536w, https:\/\/www.chaoswg.eu\/wp-content\/uploads\/2023\/06\/IMG_3173-624x832.jpg 624w, https:\/\/www.chaoswg.eu\/wp-content\/uploads\/2023\/06\/IMG_3173-scaled.jpg 1920w\" sizes=\"auto, (max-width: 768px) 100vw, 768px\" \/><\/figure>\n<\/figure>\n\n\n\n<p>Als alles geplant war, dass Haus verkauft und alles andere erledigt, war es auch schon soweit. Anfang Februar 2022 hatten wir den Notartermin in Spanien f\u00fcr unser Haus. Seitdem machen wir es uns sch\u00f6n hier, f\u00fcr uns, unsere Hunde und den Pflegenasen.<\/p>\n\n\n\n<p>Nat\u00fcrlich durfte auch ein 4. Hund nicht fehlen. Boomer, ehemals Denis, kam spontan.. eigentlich nicht geplant, aber doch waren wir verliebt. \u00dcber viele Umwege sollte seine Reise bei uns nun enden. Er ist nicht einfach. Kein Hund f\u00fcr Jedermann, aber wir haben eh nur Knallk\u00f6ppe.. also, warum nicht noch einen mehr? \ud83d\ude09 Er ist 2020 geboren und ein Hovawart mix. <\/p>\n\n\n\n<figure class=\"wp-block-gallery has-nested-images columns-default is-cropped wp-block-gallery-6 is-layout-flex wp-block-gallery-is-layout-flex\">\n<figure class=\"wp-block-image size-large\"><img loading=\"lazy\" decoding=\"async\" width=\"1024\" height=\"683\" data-id=\"842\" src=\"https:\/\/www.chaoswg.eu\/wp-content\/uploads\/2023\/06\/IMG_4692-1024x683.jpg\" alt=\"\" class=\"wp-image-842\" srcset=\"https:\/\/www.chaoswg.eu\/wp-content\/uploads\/2023\/06\/IMG_4692-1024x683.jpg 1024w, https:\/\/www.chaoswg.eu\/wp-content\/uploads\/2023\/06\/IMG_4692-300x200.jpg 300w, https:\/\/www.chaoswg.eu\/wp-content\/uploads\/2023\/06\/IMG_4692-768x512.jpg 768w, https:\/\/www.chaoswg.eu\/wp-content\/uploads\/2023\/06\/IMG_4692-1536x1024.jpg 1536w, https:\/\/www.chaoswg.eu\/wp-content\/uploads\/2023\/06\/IMG_4692-2048x1365.jpg 2048w, https:\/\/www.chaoswg.eu\/wp-content\/uploads\/2023\/06\/IMG_4692-624x416.jpg 624w\" sizes=\"auto, (max-width: 1024px) 100vw, 1024px\" \/><\/figure>\n<\/figure>\n\n\n\n<p>Auch leben hier inzwischen 2 Dauerpflegehunde<\/p>\n\n\n\n<p>Oma Perla, 2008 geboren, Podenco. Tumor an der Blase, dadurch Inkontinent. <\/p>\n\n\n\n<figure class=\"wp-block-gallery has-nested-images columns-default is-cropped wp-block-gallery-7 is-layout-flex wp-block-gallery-is-layout-flex\">\n<figure class=\"wp-block-image size-large\"><img loading=\"lazy\" decoding=\"async\" width=\"1024\" height=\"683\" data-id=\"843\" src=\"https:\/\/www.chaoswg.eu\/wp-content\/uploads\/2023\/06\/IMG_4728-1024x683.jpg\" alt=\"\" class=\"wp-image-843\" srcset=\"https:\/\/www.chaoswg.eu\/wp-content\/uploads\/2023\/06\/IMG_4728-1024x683.jpg 1024w, https:\/\/www.chaoswg.eu\/wp-content\/uploads\/2023\/06\/IMG_4728-300x200.jpg 300w, https:\/\/www.chaoswg.eu\/wp-content\/uploads\/2023\/06\/IMG_4728-768x512.jpg 768w, https:\/\/www.chaoswg.eu\/wp-content\/uploads\/2023\/06\/IMG_4728-1536x1024.jpg 1536w, https:\/\/www.chaoswg.eu\/wp-content\/uploads\/2023\/06\/IMG_4728-2048x1365.jpg 2048w, https:\/\/www.chaoswg.eu\/wp-content\/uploads\/2023\/06\/IMG_4728-624x416.jpg 624w\" sizes=\"auto, (max-width: 1024px) 100vw, 1024px\" \/><\/figure>\n<\/figure>\n\n\n\n<p><\/p>\n\n\n\n<p>Oma Dina, 10-14 Jahre. Lebt in ihrer eigenen Welt und hat viele Baustellen. <\/p>\n\n\n\n<figure class=\"wp-block-gallery has-nested-images columns-default is-cropped wp-block-gallery-8 is-layout-flex wp-block-gallery-is-layout-flex\">\n<figure class=\"wp-block-image size-large\"><img loading=\"lazy\" decoding=\"async\" width=\"768\" height=\"1024\" data-id=\"845\" src=\"https:\/\/www.chaoswg.eu\/wp-content\/uploads\/2023\/06\/339907678_3309432036034303_2362729135708442854_n-768x1024.jpg\" alt=\"\" class=\"wp-image-845\" srcset=\"https:\/\/www.chaoswg.eu\/wp-content\/uploads\/2023\/06\/339907678_3309432036034303_2362729135708442854_n-768x1024.jpg 768w, https:\/\/www.chaoswg.eu\/wp-content\/uploads\/2023\/06\/339907678_3309432036034303_2362729135708442854_n-225x300.jpg 225w, https:\/\/www.chaoswg.eu\/wp-content\/uploads\/2023\/06\/339907678_3309432036034303_2362729135708442854_n-1152x1536.jpg 1152w, https:\/\/www.chaoswg.eu\/wp-content\/uploads\/2023\/06\/339907678_3309432036034303_2362729135708442854_n-624x832.jpg 624w, https:\/\/www.chaoswg.eu\/wp-content\/uploads\/2023\/06\/339907678_3309432036034303_2362729135708442854_n.jpg 1536w\" sizes=\"auto, (max-width: 768px) 100vw, 768px\" \/><\/figure>\n<\/figure>\n\n\n\n<p>Unsere Reise endet nat\u00fcrlich nie. Wir haben immer wieder Pl\u00e4ne, mit dieser Seite will ich \u00fcber den Auslandstierschutz aufkl\u00e4ren und euch bei den Fritzdogs mitnehmen. <\/p>\n\n\n\n<figure class=\"wp-block-gallery has-nested-images columns-default is-cropped wp-block-gallery-9 is-layout-flex wp-block-gallery-is-layout-flex\">\n<figure class=\"wp-block-image size-large\"><img loading=\"lazy\" decoding=\"async\" width=\"1024\" height=\"768\" data-id=\"846\" src=\"https:\/\/www.chaoswg.eu\/wp-content\/uploads\/2023\/06\/IMG_3459-1024x768.jpg\" alt=\"\" class=\"wp-image-846\" srcset=\"https:\/\/www.chaoswg.eu\/wp-content\/uploads\/2023\/06\/IMG_3459-1024x768.jpg 1024w, https:\/\/www.chaoswg.eu\/wp-content\/uploads\/2023\/06\/IMG_3459-300x225.jpg 300w, https:\/\/www.chaoswg.eu\/wp-content\/uploads\/2023\/06\/IMG_3459-768x576.jpg 768w, https:\/\/www.chaoswg.eu\/wp-content\/uploads\/2023\/06\/IMG_3459-1536x1152.jpg 1536w, https:\/\/www.chaoswg.eu\/wp-content\/uploads\/2023\/06\/IMG_3459-2048x1536.jpg 2048w, https:\/\/www.chaoswg.eu\/wp-content\/uploads\/2023\/06\/IMG_3459-624x468.jpg 624w\" sizes=\"auto, (max-width: 1024px) 100vw, 1024px\" \/><\/figure>\n<\/figure>\n\n\n\n<p>Social Media:<br>Facebook: &#8222;Fritzdogs suchen ein Zuhause&#8220;<br>Instagramm: Fritzdogs<br>TikTok: FritzdogsChaosWG<\/p>\n\n\n\n<p><\/p>\n\n\n\n<p><\/p>\n","protected":false},"excerpt":{"rendered":"<p>Hallo,ich freue mich, dass du unsere Seite besuchst. Ich bin Maike, komme aus Schleswig-Holstein, bin 1995 geboren und sagen wir mal&#8230;etwas Hundsverr\u00fcckt \ud83d\ude42 Mein Freund und ich sind 2014 zusammen gekommen, schnell war klar, ein Hund muss her. Und so sind wir 6 Monate sp\u00e4ter zusammen gezogen und haben im Dez. 2014 unsere Spanische Wasserh\u00fcndin [&hellip;]<\/p>\n","protected":false},"author":4,"featured_media":0,"parent":0,"menu_order":0,"comment_status":"closed","ping_status":"closed","template":"","meta":{"footnotes":""},"class_list":["post-827","page","type-page","status-publish","hentry"],"_links":{"self":[{"href":"https:\/\/www.chaoswg.eu\/index.php?rest_route=\/wp\/v2\/pages\/827","targetHints":{"allow":["GET"]}}],"collection":[{"href":"https:\/\/www.chaoswg.eu\/index.php?rest_route=\/wp\/v2\/pages"}],"about":[{"href":"https:\/\/www.chaoswg.eu\/index.php?rest_route=\/wp\/v2\/types\/page"}],"author":[{"embeddable":true,"href":"https:\/\/www.chaoswg.eu\/index.php?rest_route=\/wp\/v2\/users\/4"}],"replies":[{"embeddable":true,"href":"https:\/\/www.chaoswg.eu\/index.php?rest_route=%2Fwp%2Fv2%2Fcomments&post=827"}],"version-history":[{"count":2,"href":"https:\/\/www.chaoswg.eu\/index.php?rest_route=\/wp\/v2\/pages\/827\/revisions"}],"predecessor-version":[{"id":847,"href":"https:\/\/www.chaoswg.eu\/index.php?rest_route=\/wp\/v2\/pages\/827\/revisions\/847"}],"wp:attachment":[{"href":"https:\/\/www.chaoswg.eu\/index.php?rest_route=%2Fwp%2Fv2%2Fmedia&parent=827"}],"curies":[{"name":"wp","href":"https:\/\/api.w.org\/{rel}","templated":true}]}}