{"id":825,"date":"2019-03-11T16:28:04","date_gmt":"2019-03-11T15:28:04","guid":{"rendered":"http:\/\/www.chaoswg.eu\/?page_id=825"},"modified":"2019-03-11T16:28:05","modified_gmt":"2019-03-11T15:28:05","slug":"maulkoerbe-koeterhunde-unerzogen","status":"publish","type":"page","link":"https:\/\/www.chaoswg.eu\/?page_id=825","title":{"rendered":"Maulk\u00f6rbe &#8211; K\u00f6terhunde &#8211; Unerzogen"},"content":{"rendered":"\n<p><strong>Ich gehe immer wieder mit meinen Hunden Gassi. Doch an manchen Tagen bringt es einfach keinen Spa\u00df mehr.<br>Bellen Hunde? Sind sie Aggressiv!<br>Haben Hunde einen Maulkorb? Warum auch immer? Sind sie Aggressiv!<br>Es ist zum verzweifeln. <\/strong><\/p>\n\n\n\n<p><strong>Aber mal von vorne. 2 Situationen beschrieben:<\/strong><\/p>\n\n\n\n<figure class=\"wp-block-image\"><img decoding=\"async\" src=\"blob:http:\/\/www.chaoswg.eu\/fba87988-6957-4e56-a0f4-38d4174bff00\" alt=\"\"\/><\/figure>\n\n\n\n<ol class=\"wp-block-list\"><li><strong>Wir sind mit den Hunden in der Stadt. Wir sind am trailen. Die Person die wir gleich Suchen, geht schonmal weg. Wir warten. Kommt ein Mann mit einem Golden Retriever&#8230; Choco und der andere Hund bellen. Er nur am p\u00f6beln was wir denn f\u00fcr Aggressive Hunde haben&#8230;das wir sie mal erziehen sollten..jaja&#8230;Mister ChickiMicki&#8230;Der Goldi nat\u00fcrlich unangeleint. Man macht ihn nett darauf aufmerksam und er p\u00f6belt weiter rum..was soll man sagen&#8230;Menschen&#8230;Hund bellt und ist nat\u00fcrlich gleich der aggressivste Hund, der nicht erzogen ist. Was dieser Hund alles erlebt hat und warum er bellt ist nat\u00fcrlich v\u00f6llig egal. Sein Hund bellt ja nicht und ist somit der einzige der es richtig macht. Choco bellt aber eben Goldis an, weil Besitzer nicht darauf geachtet haben, dass sie IHN nicht nerven. Er hasst diese Rasse seitdem. Kann man nichts machen.. Aber alle Hunde die Bellen sind eh bl\u00f6d und sonstwas ich k\u00f6nnte noch von vielen F\u00e4llen erz\u00e4hlen.. aber das w\u00fcrde den Rahmen sprengen&#8230;:D<\/strong><\/li><li><strong>Wir an der Elbe in Hamburg in der Stadt. Happy ganz ausgelassen am Spielen. Sie spielt grad mit einem Welpen. Happy nat\u00fcrlich wieder ruppiger, aber keinesfalls aggressiv.  Welpe quietscht. Happy stoppt. Usw.. Besitzer kommen auf uns zu&#8230; &#8222;Wissen Sie das Ihr Hund bei\u00dft?&#8220; Ne wussten wir noch nicht und komisch das die Personen dann gechillt weggehen \ud83d\ude00 <\/strong><\/li><\/ol>\n\n\n\n<p><strong>Man&#8230;mann&#8230;mann&#8230; und da soll einer nochmal sagen, Gassi bringt Spa\u00df. Genauso ist es ja wenn man mit Maulk\u00f6rben Gassi geht. Ein dummer Spruch kommt oft&#8230;tja&#8230;<\/strong><\/p>\n\n\n\n<p><strong>Da hilft immer nur, entweder Klappe auf oder weggehen und seinen Teil bei denken. Aber bitte, ihr lieben Menschen&#8230;bevor ihr vorurteile, \u00fcber Maulk\u00f6rbe, bellende Hunde oder sonstwas habt&#8230; bleibt doch entspannt, fragt nett, warum das so ist. oder kehrt einfach mal vor eurer eigenen T\u00fcr. Seit wann sind z.B. Hunde freilaufend in der Stadt erlaubt? \ud83d\ude09<\/strong><\/p>\n\n\n\n<p><strong>Das ist auch ein Grund warum ich nur Hunde die ich kenne an meine lasse. Kein Kontakt bei Hunden die man nicht kennt, zumindest an der Leine. Menschen sollten sich respektieren oder? Warum ist das aber f\u00fcr manche so schwer? Ich mache Platz, wenn mir welche entgegen kommen. Nehme den Hund auch auf die andere Seite, wenn jemand Angst hat. Sage nichts, wenn jemand meine anp\u00f6belt. Ich kenne die Probleme selber und man f\u00fchlt sich eh schon doof genug. Und niemand wei\u00df was ein Hund alles erlebt hat. Vielleicht hat der Mensch am anderen Ende der Leine auch keine Schuld..schon mal dar\u00fcber nachgedacht? Nein weil viele Menschen das denken und die Empathie verloren haben. Gerade oft Menschen die von oben herab schauen, weil sie sich eh f\u00fcr was besseres halten. Es ist traurig. Und so geh ich wieder meine Wege und hoffe, dass mir niemand begegnet, weil mit P\u00f6belnden Mistkr\u00f6ten, ist man ja anscheinend eh nicht erw\u00fcnscht. Aber glaubt mir Ihr Menschen. Ich mache weiter. Und ich werde mir immer die Mistkr\u00f6ten holen. Weil das sind einfach tolle Hunde. Und legt euch nicht mit meinen Hunden an. Dann legt ihr euch leider mit uns allen an. Meine Hunde d\u00fcrfen Hunde sein. Sie m\u00fcssen lernen ja, aber sie d\u00fcrfen auch mal bellen. Besonders dann, wenn EURE Hunde  sie schief anstarren&#8230;<\/strong><\/p>\n\n\n\n<p><strong>Hast du auch eine Terrort\u00f6le? Mistkr\u00f6te? Maulkorbk\u00f6ter? Ja? Dann sei stolz drauf. Viele wissen nicht, wie viel ihr schon gemacht habt. Wie euer leben vorher war mit dem Hund. Bei uns hat sich einiges gebessert und genau deswegen h\u00f6re ich auch nicht auf, auf diese Hunde stolz zu sein. Auch wenn sie P\u00f6beln! Sei auch DU stolz auf sie und mach weiter!<\/strong><\/p>\n\n\n","protected":false},"excerpt":{"rendered":"<p>Ich gehe immer wieder mit meinen Hunden Gassi. Doch an manchen Tagen bringt es einfach keinen Spa\u00df mehr.Bellen Hunde? Sind sie Aggressiv!Haben Hunde einen Maulkorb? Warum auch immer? Sind sie Aggressiv!Es ist zum verzweifeln. Aber mal von vorne. 2 Situationen beschrieben: Wir sind mit den Hunden in der Stadt. Wir sind am trailen. Die Person [&hellip;]<\/p>\n","protected":false},"author":4,"featured_media":0,"parent":598,"menu_order":0,"comment_status":"closed","ping_status":"closed","template":"","meta":{"footnotes":""},"class_list":["post-825","page","type-page","status-publish","hentry"],"_links":{"self":[{"href":"https:\/\/www.chaoswg.eu\/index.php?rest_route=\/wp\/v2\/pages\/825","targetHints":{"allow":["GET"]}}],"collection":[{"href":"https:\/\/www.chaoswg.eu\/index.php?rest_route=\/wp\/v2\/pages"}],"about":[{"href":"https:\/\/www.chaoswg.eu\/index.php?rest_route=\/wp\/v2\/types\/page"}],"author":[{"embeddable":true,"href":"https:\/\/www.chaoswg.eu\/index.php?rest_route=\/wp\/v2\/users\/4"}],"replies":[{"embeddable":true,"href":"https:\/\/www.chaoswg.eu\/index.php?rest_route=%2Fwp%2Fv2%2Fcomments&post=825"}],"version-history":[{"count":1,"href":"https:\/\/www.chaoswg.eu\/index.php?rest_route=\/wp\/v2\/pages\/825\/revisions"}],"predecessor-version":[{"id":826,"href":"https:\/\/www.chaoswg.eu\/index.php?rest_route=\/wp\/v2\/pages\/825\/revisions\/826"}],"up":[{"embeddable":true,"href":"https:\/\/www.chaoswg.eu\/index.php?rest_route=\/wp\/v2\/pages\/598"}],"wp:attachment":[{"href":"https:\/\/www.chaoswg.eu\/index.php?rest_route=%2Fwp%2Fv2%2Fmedia&parent=825"}],"curies":[{"name":"wp","href":"https:\/\/api.w.org\/{rel}","templated":true}]}}